 = 30*a - 625. Let o be u(21). Let f(m) = m**3 - 4*m**2 + m - 2. What is f(o)?
28
Suppose -k - 10 = 3*k - 3*d, -5*d - 2 = -2*k. Let h(x) = 29*x - 6 - 3 + 59*x - 5. Let g(n) = 31*n - 5. Let l(j) = -17*g(j) + 6*h(j). Give l(k).
-3
Let c(d) = d + 2. Let q be (-27 - -17 - -8)*8. Give c(q).
-14
Let l(j) = -j**2 + 15*j - 35. Suppose 2*m = -264*k + 263*k + 7, 4*m + 8 = 0. What is l(k)?
9
Let p(g) be the third derivative of g**6/120 - 11*g**5/60 - g**4/2 + 5*g**3/2 + 1083*g**2. What is p(12)?
15
Let g(j) be the first derivative of -j**2/2 + 13*j + 3. Let d(s) = -511*s - 15326. Let m be d(-30). Calculate g(m).
9
Let u be 1/((18/108)/(2/(-4))). Let s(j) be the first derivative of -j**4/4 - 2*j**3/3 - j**2 + j - 56. Calculate s(u).
16
Let p be 2/(-6)*(29 - 26) + -1. Let q be (p/(-3))/(68/(-918)). Let r(s) = s**2 + 7*s - 6. Calculate r(q).
12
Suppose -4*o + 20 = -0*o. Let v be (-6)/(3 + 0)*(-315)/18. Let k(d) = -51 + 19 + d + v. Determine k(o).
8
Let q(j) = 53*j**2 - 45*j - 32. Let f(t) = 148*t**2 - 134*t - 98. Let w(o) = 4*f(o) - 11*q(o). Give w(-1).
10
Let w(h) be the second derivative of -h**3/3 - 2*h**2 - 163*h. Suppose -4*r - q + 5 = -2*r, 3*q = -9. Calculate w(r).
-12
Let r(o) = -4*o**3 + 116*o**2 - 124*o + 37. Let p(t) = -5*t**3 + 144*t**2 - 154*t + 46. Let v(s) = 13*p(s) - 16*r(s). Give v(15).
-39
Suppose 5*y = 4*i + 2 - 3, 4*i - 22 = -2*y. Let b(c) = -2*c**3 - 5*c**2 - 6*c + 6. Let g(t) = t**3 + t**2 + t - 2. Let v(n) = b(n) + 3*g(n). Determine v(y).
0
Let v(n) = n**2 - 10. Let s be v(4). Suppose -15*h - s = -13*h. Let x be 6/((-90)/25)*h. Let w(f) = f**2 - 4*f + 6. Calculate w(x).
11
Let a(y) = -160*y**2 + 5 + 96*y**2 - 21*y + 66*y**2 + 3*y + 2*y. Give a(8).
5
Let y(q) = q**3 - q**2 - 2*q - 3. Let b = -17597 - -17599. Give y(b).
-3
Let k(r) be the third derivative of r**6/120 + r**5/4 + 5*r**4/12 - r**3/2 - 408*r**2. Calculate k(-14).
53
Let j(i) be the first derivative of 14*i - 1 - 9/2*i**2 + 1/3*i**3. Let l be j(7). Let n(k) = -k - 3. Determine n(l).
-3
Let s(v) be the third derivative of v**6/120 + v**5/5 + v**4/12 + 25*v**3/6 - 7297*v**2. Let i(w) = 5*w - 2. Let d be i(-2). Give s(d).
1
Let p(i) = 5*i**3 - 28*i**2 + 21*i - 139. Let l(w) = -w**3 + 6*w**2 - 4*w + 28. Let k(g) = 11*l(g) + 2*p(g). Determine k(10).
10
Let w(v) be the first derivative of v**4/4 - 16*v**3/3 + 19*v**2 + 14*v + 1913. What is w(13)?
1
Let r be (-1 - -12)/(3/18 + 5/6). Let y(b) be the third derivative of -b**5/30 + 7*b**4/8 + 8*b**3/3 - 3*b**2. Determine y(r).
5
Let s = -7781 - -7790. Let z(n) = n**2 - 8*n + 29. What is z(s)?
38
Suppose -p + 126 = -10*p - 9*p. Let m(c) = c + 10. What is m(p)?
3
Let w(m) = -26*m + 8*m**2 - 11 - 10 + 16. Suppose -10*q + 62 = 22. Let g(c) = 3*c**2 - 9*c - 2. Let h(z) = q*w(z) - 11*g(z). Calculate h(-6).
-4
Let k(f) = -26*f**2 + 26*f + 669*f**3 + 681*f**3 + 674*f**3 - 28 - 2023*f**3. Calculate k(25).
-3
Suppose -10*a + 30 = -0. Let s(p) = 8*p**2 - 12*p**2 + a - 8*p + 3*p**2 + 0*p**2. Calculate s(-6).
15
Let h(z) = -29. Let i(l) = 21*l + 124. Let c(n) = -6*h(n) - i(n). Give c(3).
-13
Suppose z + 16 = 4*w, 6*w - 5 = 11*w + 5*z. Suppose -4*k - w*h = 2*h - 1, -25 = -5*h. Let l(g) = -g**2 - 6*g - 6. Calculate l(k).
-6
Let g be ((-2)/3)/(9/(-243)). Suppose 3*o - 6*o - g = 0. Let f(w) be the first derivative of -w**4/4 - 7*w**3/3 - 7*w**2/2 - 8*w + 16. Give f(o).
-2
Let b(s) = s**3 - 8*s**2 - 24*s + 35. Let a = -1159 + 1169. Give b(a).
-5
Let x(m) = 6 - 2*m - 8 + m. Let z = 549 + -555. Give x(z).
4
Let a(u) = -u**2 + 3. Let c be 4/(24/(-42)) - -10. Suppose 0 = -5*z - 69 + 204. Suppose 4 = y - 5*k + z, c*k - 3 = -3*y. What is a(y)?
-6
Let u(y) = -20*y - 6. Let j = -6838 - -6839. Give u(j).
-26
Let x(s) = -s**3 - 3*s**2 - 2*s. Let b be (-208)/(-16) + 1*-4. Suppose -13 = w - b. Let f be (-7 + 8)/(2/w). Determine x(f).
0
Let m be (2/6)/(57/18 + -3). Let u(t) = -7*t + 23*t**2 - t**3 + 6 + 2*t - 38*t**m + 21*t**2. Determine u(5).
6
Let u(o) = -o**2 + 3*o - 1. Let m(y) = 5*y - 19. Let n be m(10). Suppose -6*x - 5 = n. Let h(z) = -2*z - 10. Let k be h(x). Determine u(k).
1
Let c(o) = -o**2 - 20*o - 34. Let x be c(-15). Let b(k) = -94 - k**3 + x - 4*k**2 + 51 - 2*k. Calculate b(-4).
6
Let r(i) be the first derivative of 8*i**3/3 - 3*i**2 + 10*i + 2794. Determine r(4).
114
Suppose 28 - 8 = 5*m. Let f(a) = 8*a - 30. Let i be f(m). Let k(n) = -i*n + 7*n**2 - 1 + 2*n**3 - n**2 - 5*n**2. Determine k(2).
15
Let y(l) = -l**3 + l**2 - l + 6. Suppose 9*h + 3*h = 5*h + 14. Determine y(h).
0
Let q(p) = p - 8. Suppose -20*u + 63 = -64 - 373. Determine q(u).
17
Let a(h) = 2330 + 6*h - 1968 + 24*h. Give a(-12).
2
Let q(b) = -2*b + 21. Let k = 5228 - 5222. Determine q(k).
9
Let j = -5851 - -5845. Let l(g) = -g**2 - 4*g + 13. What is l(j)?
1
Let o(d) = -8*d - 41. Let x be 8 - 1*(-9)/(-1). Let y be x*(48/9 + (-5)/15). Calculate o(y).
-1
Let q(g) = 3*g**3 - 31*g**2 - 51*g - 50. Let c(b) = -4*b**3 + 32*b**2 + 51*b + 53. Let f(u) = 4*c(u) + 5*q(u). Calculate f(-25).
-13
Let r(i) = -14*i**2 + 18*i + 18. Let s(v) = -33*v**2 + 37*v + 36. Let p(a) = -7*r(a) + 3*s(a). Calculate p(-14).
-4
Let t(s) = -7*s - 15. Let x(i) = 10*i + 21. Let r(b) = -7*t(b) - 5*x(b). Let q(l) = -51*l - 244. Let y be q(-5). What is r(y)?
-11
Let w(r) be the second derivative of -r**4/12 - 4*r**3/3 - r**2 - 937*r - 2. Give w(-7).
5
Let a = -224 - -227. Let c be (0/(-2) - a)/1. Let o(w) = 5*w**2 - 4. Give o(c).
41
Let w(n) = n**3 - 10*n**2 - 9*n - 33. Let c = 470 - 459. Calculate w(c).
-11
Let l be ((-57)/76)/((-8)/(-32)). Let u(d) = 5*d**2 - 6. Give u(l).
39
Suppose 4*b - 40 = 24. Suppose 13*p - 52 = -0*p. Suppose -11 = n - p*r + 4, -4*r = -b. Let o(s) = -2*s**2 - 1. Calculate o(n).
-3
Let q(i) = -i**2 + 27*i - 72. Let l be q(3). Let y(h) be the third derivative of 0*h + l - 1/12*h**4 + 48*h**2 + 2*h**3. Give y(9).
-6
Let o(s) = s**3 - 3*s**2 + 3*s - 12. Suppose -5*a = 2*h - a + 6, -5*h - 4*a + 3 = 0. Let f be o(h). Let i(v) = -v**2 + 2. Give i(f).
-7
Suppose 0 = 426*f - 425*f - 56. Let p = 62 - f. Let y(d) = 4*d + 2. Give y(p).
26
Let k(i) be the second derivative of -i**5/10 + 2*i**4 - 7*i**3/2 + i**2/2 - 3370*i. Calculate k(11).
12
Let m(n) = -n - 5. Let o be (-925)/85 + (20/(-34))/5. Let x be 2/o - (-5 + 432/44). Give m(x).
0
Let g be (5/75)/(18/(-15))*-6. Let x(c) be the first derivative of c + 11 + c**2 - 7/2*c**4 + g*c**3. What is x(-1)?
14
Let i(m) be the second derivative of -m**5/20 - m**4/2 - 4*m**3/3 - 2*m**2 + 13*m. Let y be i(-4). Let r(q) = -2*q + 4. Give r(y).
12
Let v(x) = -x + 6. Let r(h) = -8*h - 344. Let m be r(-43). Determine v(m).
6
Let s(j) be the second derivative of -j**4/12 - j**3/2 + j**2/2 - j. Let a(t) = t**3 + 59*t**2 + 205*t + 12092. Let w be a(-59). Calculate s(w).
1
Let l(s) = s + 2. Let p(c) = 2*c**2 + c + 5. Let k be -2*(-15)/(-6) - (-16 - -14). Let h(j) = k*l(j) + p(j). Suppose -5*t = 1 + 4. Give h(t).
3
Let r be 258 + 1 - ((-2)/(-2) - 0). Let l(g) = 4 - 258*g + r*g + g**2. Determine l(0).
4
Suppose 5*c + 261 - 249 = 3*h, -4*h = -2*c - 44. Let f(r) = -r**3 + 16*r**2 - 30*r + 8. Determine f(h).
-20
Let j(t) = 71*t**3 + 11*t**2 + 24*t + 5. Let f(c) = 11*c**3 + 2*c**2 + 4*c + 1. Let y(w) = -13*f(w) + 2*j(w). Determine y(-2).
-3
Let c(q) be the second derivative of -q**3 - 4 + 2*q**2 - 2*q - 1/12*q**4. Calculate c(-8).
-12
Let y(p) = -23*p + 17. Suppose 818 = 114*g + 590. Give y(g).
-29
Let o(r) = -3411962*r - 1 + 3411974*r + 5. Let i be -3 + -1*0/4. Calculate o(i).
-32
Let t(f) = 3*f**2 + 13*f + 4. Let i be t(-3). Let v(o) = -o**3 - 7*o**2 + 8*o + 10. What is v(i)?
10
Let t(q) = -7*q**3 - 45*q**2 - 6*q + 18. Let o(v) = -15*v**3 - 91*v**2 - 13*v + 40. Let z(b) = -5*o(b) + 11*t(b). Calculate z(-20).
18
Let h(b) = -11*b**2 + b - 1. Suppose 29 + 7 = 18*g. Suppose 5*p = 3*z - 8, 2*z + 4*p + g + 0 = 0. Give h(z).
-11
Let n(t) be the third derivative of t**6/120 - 3*t**5/20 + 2*t**4/3 - 3*t**3/2 + 937*t**2. Calculate n(6).
-21
Let a(c) = -232*c**2 + 132*c**2 + 6 + 6*c + 102*c**2. Suppose -4*h - 36 = 5*r, 2*h = -4*r - 16 - 8. Determine a(r).
14
Let j(g) be the second derivative of -g**4/12 + g**3/2 - 3*g**2 + 152*g. Suppose 2*z - 22 = -0*z. Suppose c = 5*i + z, -3*c = 2*c - 4*i - 34. Calculate j(c).
-24
Suppose 5*l - 2*z + 22 = 0, l + 2 = 2*z - 4*z. Let u(x) = -2*x**2 + 4*x 